{"id":288,"date":"2018-04-08T16:44:04","date_gmt":"2018-04-08T14:44:04","guid":{"rendered":"http:\/\/foerderverein-zahntechnik.de\/?post_type=tribe_events&#038;p=288"},"modified":"2021-07-19T16:07:42","modified_gmt":"2021-07-19T14:07:42","slug":"vortraege-zahnmedizin-und-zahntechnik-am-30-06-18","status":"publish","type":"tribe_events","link":"https:\/\/foerderverein-zahntechnik.de\/index.php\/event\/vortraege-zahnmedizin-und-zahntechnik-am-30-06-18\/","title":{"rendered":"Vortr\u00e4ge Zahnmedizin und Zahntechnik am 30.06.18"},"content":{"rendered":"<h3>Einladung zum 32. Oberpf\u00e4lzer Zahn\u00e4rztetag 2018<\/h3>\n\n\t\t<div class=\"wppdfemb-frame-container-1\" style=\"-webkit-overflow-scrolling:auto;\">\n\t\t\t<iframe class=\"pdfembed-iframe nonfullscreen wppdf-emb-iframe-1\"\n\t\t\t\tsrc=\"https:\/\/foerderverein-zahntechnik.de\/?pdfemb-data=eyJ1cmwiOiJodHRwczpcL1wvZm9lcmRlcnZlcmVpbi16YWhudGVjaG5pay5kZVwvd3AtY29udGVudFwvdXBsb2Fkc1wvMjAxOFwvMDRcL0VpbmxhZHVuZy1PcGZaYVRhZzIwMTgucGRmIiwiaW5kZXgiOjEsInBkZklEIjowfQ\"\n\t\t\t\t\t\t\t\tdata-pdf-id=\"0\"\n\t\t\t\tdata-pdf-index=\"1\"\n\t\t\t\tstyle=\"border:none;width:100%;max-width:100%;height:100vh;\"\n\t\t\t\tscrolling=\"yes\">\n\t\t\t<\/iframe>\n\t\t<\/div>\n\n\t\t\n","protected":false},"excerpt":{"rendered":"<p>Einladung zum 32. Oberpf\u00e4lzer Zahn\u00e4rztetag 2018<span class=\"ellipsis\">&hellip;<\/span><\/p>\n<div class=\"read-more\"><a href=\"https:\/\/foerderverein-zahntechnik.de\/index.php\/event\/vortraege-zahnmedizin-und-zahntechnik-am-30-06-18\/\">Weiterlesen &#8250;<\/a><\/div>\n<p><!-- end of .read-more --><\/p>\n","protected":false},"author":2,"featured_media":0,"template":"","meta":{"_tribe_events_status":"","_tribe_events_status_reason":"","footnotes":""},"tags":[],"tribe_events_cat":[4],"class_list":["post-288","tribe_events","type-tribe_events","status-publish","hentry","tribe_events_cat-allgemein","cat_allgemein"],"_links":{"self":[{"href":"https:\/\/foerderverein-zahntechnik.de\/index.php\/wp-json\/wp\/v2\/tribe_events\/288","targetHints":{"allow":["GET"]}}],"collection":[{"href":"https:\/\/foerderverein-zahntechnik.de\/index.php\/wp-json\/wp\/v2\/tribe_events"}],"about":[{"href":"https:\/\/foerderverein-zahntechnik.de\/index.php\/wp-json\/wp\/v2\/types\/tribe_events"}],"author":[{"embeddable":true,"href":"https:\/\/foerderverein-zahntechnik.de\/index.php\/wp-json\/wp\/v2\/users\/2"}],"version-history":[{"count":0,"href":"https:\/\/foerderverein-zahntechnik.de\/index.php\/wp-json\/wp\/v2\/tribe_events\/288\/revisions"}],"wp:attachment":[{"href":"https:\/\/foerderverein-zahntechnik.de\/index.php\/wp-json\/wp\/v2\/media?parent=288"}],"wp:term":[{"taxonomy":"post_tag","embeddable":true,"href":"https:\/\/foerderverein-zahntechnik.de\/index.php\/wp-json\/wp\/v2\/tags?post=288"},{"taxonomy":"tribe_events_cat","embeddable":true,"href":"https:\/\/foerderverein-zahntechnik.de\/index.php\/wp-json\/wp\/v2\/tribe_events_cat?post=288"}],"curies":[{"name":"wp","href":"https:\/\/api.w.org\/{rel}","templated":true}]}}

Vorträge Zahnmedizin und Zahntechnik am 30.06.18

<h3>Einladung zum 32. Oberpfälzer Zahnärztetag 2018</h3>

		<div class="wppdfemb-frame-container-1" style="-webkit-overflow-scrolling:auto;">
			<iframe class="pdfembed-iframe nonfullscreen wppdf-emb-iframe-1"
				src="https://foerderverein-zahntechnik.de/?pdfemb-data=eyJ1cmwiOiJodHRwczpcL1wvZm9lcmRlcnZlcmVpbi16YWhudGVjaG5pay5kZVwvd3AtY29udGVudFwvdXBsb2Fkc1wvMjAxOFwvMDRcL0VpbmxhZHVuZy1PcGZaYVRhZzIwMTgucGRmIiwiaW5kZXgiOjEsInBkZklEIjowfQ"
								data-pdf-id="0"
				data-pdf-index="1"
				style="border:none;width:100%;max-width:100%;height:100vh;"
				scrolling="yes">
			</iframe>
		</div>

<p>Einladung zum 32. Oberpfälzer Zahnärztetag 2018<span class="ellipsis">&hellip;</span></p>
<div class="read-more"><a href="https://foerderverein-zahntechnik.de/index.php/event/vortraege-zahnmedizin-und-zahntechnik-am-30-06-18/">Weiterlesen &#8250;</a></div>
<p><!-- end of .read-more --></p>
